{"id":84,"date":"2015-02-04T18:33:33","date_gmt":"2015-02-04T18:33:33","guid":{"rendered":"http:\/\/aglownet.org\/togo\/about-aglow-francaise\/"},"modified":"2015-02-04T18:58:13","modified_gmt":"2015-02-04T18:58:13","slug":"about-aglow-francaise","status":"publish","type":"page","link":"https:\/\/aglownet.org\/togo\/about-aglow-francaise\/","title":{"rendered":"About Aglow (Fran\u00e7aise)"},"content":{"rendered":"<p>(<a title=\"About Aglow\" href=\"https:\/\/aglownet.org\/togo\/about-aglow\/\">English<\/a> | Fran\u00e7aise)<\/p>\n<h1>Sur Aglow<\/h1>\n<h3><a href=\"https:\/\/aglownet.org\/wp-content\/uploads\/2014\/02\/globe.jpg\"><img loading=\"lazy\" decoding=\"async\" class=\"alignright size-medium wp-image-8\" src=\"https:\/\/aglownet.org\/wp-content\/uploads\/2014\/02\/globe-300x194.jpg\" alt=\"Every nation touched, every heart changed.\" width=\"300\" height=\"194\" \/><\/a>D\u00e9montrer Sa Puissance<\/h3>\n<p>Aglow\u00a0 fait partie de ces r\u00e9seaux que Dieu a \u00e9tablis sur terre pour accomplir Ses plans divins \u00e0 la fin des temps et la v\u00e9ritable force de ce r\u00e9seau\u00a0 est son ampleur \u2013 d\u00e9montrer Sa puissance, sa dominations et Son autorit\u00e9 dans 170 nations. Nous savons comment aller \u00e0 contre courant, comment parler dans l&rsquo; atmosph\u00e8re et aligner la terre selon les Plans de Dieu. C&rsquo;est l\u00e0 la puissance de qui nous sommes.<\/p>\n<h3>Un peu d&rsquo;histoire<\/h3>\n<p>Aglow a d\u00e9marr\u00e9 en 1967 avec quatre femmes qui ont exprim\u00e9 leur d\u00e9sir de se retrouver en tant que chr\u00e9tiennes sans barri\u00e8re confessionnelle. Leur premier grand rassemblement eut lieu \u00e0 Seattle dans l\u2019\u00c9tat de Washington, tout pr\u00e8s de l\u00e0 o\u00f9 se trouve maintenant le si\u00e8ge d&rsquo;Aglow International.<\/p>\n<p>Une centaine de femmes se r\u00e9unirent alors pr\u00e8s de l&rsquo;Hotel Meany non loin du campus universitaire. Peu de temps apr\u00e8s, les femmes qui avaient particip\u00e9 \u00e0 la r\u00e9union commenc\u00e8rent \u00e0 inviter leurs amies et leurs\u00a0 voisines pour d&rsquo;autres r\u00e9unions locales dans la r\u00e9gion de Seattle. De nouveaux groupes furent cr\u00e9\u00e9s dans tout l\u2019\u00c9tat de Washington et quelques mois plus tard,\u00a0 dans d&rsquo;autres \u00c9tats am\u00e9ricains.<\/p>\n<p>En 1972, une soixantaine de groupes locaux d\u00e9j\u00e0 organisaient des r\u00e9unions mensuelles dans tout le pays et c&rsquo;est en 1973, qu&rsquo; Aglow devint international avec l&rsquo;ajout de groupes au Canada et en Nouvelle-Z\u00e9lande. Les Pays-Bas suivirent en 1974 pour\u00a0 faire d&rsquo;Aglow ce r\u00e9seau international de \u201cfemmes qui aiment\u201d en l&rsquo;espace de 6 ans.<\/p>\n<p>Aujourd&rsquo;hui Aglow s&rsquo;\u00e9tend sur tout le globe et continue de toucher la vie d&rsquo;hommes et de femmes de toute race, de toute couleur et de toute culture partout dans le monde. Plus de 4600 groupes Aglow se r\u00e9unissent dans le monde dont 68% se trouvent en dehors des USA. (un peu plus de 3000 groupes).<\/p>\n<p>Plus de 22000 responsables Aglow exercent leur minist\u00e8re aupr\u00e8s de leurs communaut\u00e9s et de leurs pays respectifs touchant ainsi plus de 17 millions de personnes chaque ann\u00e9e. Aujourd&rsquo;hui, les leaders autochtones dirigent des groupes Aglow dans pr\u00e8s de 170 pays du monde.<\/p>\n<h3>Les r\u00e9unions Aglow et les \u00c9tudes Bibliques<\/h3>\n<p>Par nature, Aglow est un minist\u00e8re dynamique et international. Les r\u00e9unions varient d&rsquo;un pays \u00e0 l&rsquo;autre pour r\u00e9pondre aux besoins culturels et g\u00e9ographiques des individus et des communaut\u00e9s sur place! Que ce soit de grands rassemblements pour des temps de louange et l&rsquo;intervention de diff\u00e9rents orateurs, des petits groupes ( de 3 \u00e0 10 personnes)\u00a0 pour une \u00e9tude biblique, un temps de pri\u00e8re, une action sociale&#8230; tous ceux qui ont \u00e0 c\u0153ur de toucher la vie des gens se r\u00e9unissent pour r\u00e9pondre aux besoins de leurs communaut\u00e9s, que ce soit des programmes alimentaires, \u00e9ducatifs, la visite d&rsquo;orphelinat ou de maisons de retraite.<\/p>\n<p>Un minist\u00e8re de proximit\u00e9 et personnalis\u00e9 serait une bonne mani\u00e8re de d\u00e9crire les groupes d&rsquo;\u00e9tude biblique Aglow; un petit groupe qui se r\u00e9unit r\u00e9guli\u00e8rement pour \u00e9tudier ensemble la Bible et partager sur des sujets importants. Ces \u00e9tudes bibliques sont un bon moyen de rassembler de nouveaux chr\u00e9tiens pour explorer ensemble la parole avec d&rsquo;autres chr\u00e9tiens plus exp\u00e9riment\u00e9s et apprendre \u00e0 appliquer Sa v\u00e9rit\u00e9 dans nos vies. En savoir plus sur les \u00e9tudes bibliques Aglow.<\/p>\n<p><a title=\"\u00c9tudes Fran\u00e7aises Bible\" href=\"http:\/\/aglow.org\/resources\/free-resources\/bible-studies\/francaise\" target=\"_blank\">\u00c9tudes Fran\u00e7aises Bible<\/a><\/p>\n<p>D&rsquo;autres groupes se sont form\u00e9s autour d&rsquo;autres actions comme la visite de prisons, l&rsquo;aide apport\u00e9e aux \u00e9glises locales, l&rsquo;\u00e9vang\u00e9lisation, ou le minist\u00e8re envers les jeunes et les enfants.<\/p>\n<h3>Les conf\u00e9rences Aglow<\/h3>\n<p><a href=\"https:\/\/aglownet.org\/wp-content\/uploads\/2014\/05\/jane-2013-conf.jpg\"><img loading=\"lazy\" decoding=\"async\" class=\"alignright size-medium wp-image-19\" src=\"https:\/\/aglownet.org\/wp-content\/uploads\/2014\/05\/jane-2013-conf-300x223.jpg\" alt=\"Jane Hansen Hoyt at 2013 Imternational Conference\" width=\"300\" height=\"223\" \/><\/a>Une centaine de pays sont repr\u00e9sent\u00e9s \u00e0 chacune de nos conf\u00e9rences internationales. Partout dans le monde, les conf\u00e9rences nationales Aglow sont devenues des lieux de visitation de la part du Seigneur et c&rsquo;est durant ces moments que les femmes et les hommes Aglow\u00a0 saisissent la vision des leaders et s&rsquo;\u00e9quipent pour repartir servir dans leurs communaut\u00e9s.<\/p>\n<p>Une cinquantaine de pays organisent chaque ann\u00e9es des conf\u00e9rences nationales et depuis quelques ann\u00e9es, afin de r\u00e9pondre aux demandes de diff\u00e9rentes r\u00e9gions du monde, Aglow organise des conf\u00e9rences r\u00e9gionales regroupant plusieurs pays d&rsquo;une m\u00eame zone g\u00e9ographique pour encourager et fortifier davantage les liens entre chr\u00e9tiens.<\/p>\n<p>Depuis plus de 20 ans, les conf\u00e9rences internationales (qui se passent tous les deux ans aux USA), rassemblent des milliers de membres d&rsquo;Aglow. Un des points phares de ces rassemblements est le d\u00e9fil\u00e9 aux drapeaux o\u00f9 plus d&rsquo;une centaines de leaders nationaux d\u00e9filent pour c\u00e9l\u00e9brer dans la joie leur foi et la vie de l&rsquo;Esprit.<\/p>\n","protected":false},"excerpt":{"rendered":"<p>(English | Fran\u00e7aise) Sur Aglow D\u00e9montrer Sa Puissance Aglow\u00a0 fait partie de ces r\u00e9seaux que Dieu a \u00e9tablis sur terre pour accomplir Ses plans divins \u00e0 la fin des temps&hellip;<\/p>\n","protected":false},"author":2,"featured_media":0,"parent":0,"menu_order":0,"comment_status":"closed","ping_status":"closed","template":"","meta":{"footnotes":""},"class_list":["post-84","page","type-page","status-publish","hentry"],"yoast_head":"<!-- This site is optimized with the Yoast SEO plugin v27.3 - https:\/\/yoast.com\/product\/yoast-seo-wordpress\/ -->\n<title>About Aglow (Fran\u00e7aise) - Aglow International Togo<\/title>\n<meta name=\"robots\" content=\"index, follow, max-snippet:-1, max-image-preview:large, max-video-preview:-1\" \/>\n<link rel=\"canonical\" href=\"https:\/\/aglownet.org\/togo\/about-aglow-francaise\/\" \/>\n<meta property=\"og:locale\" content=\"fr_FR\" \/>\n<meta property=\"og:type\" content=\"article\" \/>\n<meta property=\"og:title\" content=\"About Aglow (Fran\u00e7aise) - Aglow International Togo\" \/>\n<meta property=\"og:description\" content=\"(English | Fran\u00e7aise) Sur Aglow D\u00e9montrer Sa Puissance Aglow\u00a0 fait partie de ces r\u00e9seaux que Dieu a \u00e9tablis sur terre pour accomplir Ses plans divins \u00e0 la fin des temps&hellip;\" \/>\n<meta property=\"og:url\" content=\"https:\/\/aglownet.org\/togo\/about-aglow-francaise\/\" \/>\n<meta property=\"og:site_name\" content=\"Aglow International Togo\" \/>\n<meta property=\"article:modified_time\" content=\"2015-02-04T18:58:13+00:00\" \/>\n<meta property=\"og:image\" content=\"https:\/\/aglownet.org\/wp-content\/uploads\/2014\/02\/globe-300x194.jpg\" \/>\n<meta name=\"twitter:card\" content=\"summary_large_image\" \/>\n<meta name=\"twitter:label1\" content=\"Dur\u00e9e de lecture estim\u00e9e\" \/>\n\t<meta name=\"twitter:data1\" content=\"4 minutes\" \/>\n<script type=\"application\/ld+json\" class=\"yoast-schema-graph\">{\"@context\":\"https:\\\/\\\/schema.org\",\"@graph\":[{\"@type\":\"WebPage\",\"@id\":\"https:\\\/\\\/aglownet.org\\\/togo\\\/about-aglow-francaise\\\/\",\"url\":\"https:\\\/\\\/aglownet.org\\\/togo\\\/about-aglow-francaise\\\/\",\"name\":\"About Aglow (Fran\u00e7aise) - Aglow International Togo\",\"isPartOf\":{\"@id\":\"https:\\\/\\\/aglownet.org\\\/togo\\\/#website\"},\"primaryImageOfPage\":{\"@id\":\"https:\\\/\\\/aglownet.org\\\/togo\\\/about-aglow-francaise\\\/#primaryimage\"},\"image\":{\"@id\":\"https:\\\/\\\/aglownet.org\\\/togo\\\/about-aglow-francaise\\\/#primaryimage\"},\"thumbnailUrl\":\"https:\\\/\\\/aglownet.org\\\/wp-content\\\/uploads\\\/2014\\\/02\\\/globe-300x194.jpg\",\"datePublished\":\"2015-02-04T18:33:33+00:00\",\"dateModified\":\"2015-02-04T18:58:13+00:00\",\"breadcrumb\":{\"@id\":\"https:\\\/\\\/aglownet.org\\\/togo\\\/about-aglow-francaise\\\/#breadcrumb\"},\"inLanguage\":\"fr-FR\",\"potentialAction\":[{\"@type\":\"ReadAction\",\"target\":[\"https:\\\/\\\/aglownet.org\\\/togo\\\/about-aglow-francaise\\\/\"]}]},{\"@type\":\"ImageObject\",\"inLanguage\":\"fr-FR\",\"@id\":\"https:\\\/\\\/aglownet.org\\\/togo\\\/about-aglow-francaise\\\/#primaryimage\",\"url\":\"https:\\\/\\\/aglownet.org\\\/wp-content\\\/uploads\\\/2014\\\/02\\\/globe-300x194.jpg\",\"contentUrl\":\"https:\\\/\\\/aglownet.org\\\/wp-content\\\/uploads\\\/2014\\\/02\\\/globe-300x194.jpg\"},{\"@type\":\"BreadcrumbList\",\"@id\":\"https:\\\/\\\/aglownet.org\\\/togo\\\/about-aglow-francaise\\\/#breadcrumb\",\"itemListElement\":[{\"@type\":\"ListItem\",\"position\":1,\"name\":\"Home\",\"item\":\"https:\\\/\\\/aglownet.org\\\/togo\\\/\"},{\"@type\":\"ListItem\",\"position\":2,\"name\":\"About Aglow (Fran\u00e7aise)\"}]},{\"@type\":\"WebSite\",\"@id\":\"https:\\\/\\\/aglownet.org\\\/togo\\\/#website\",\"url\":\"https:\\\/\\\/aglownet.org\\\/togo\\\/\",\"name\":\"Aglow International Togo\",\"description\":\"Chaque nation touch\u00e9e, chaque c\u0153ur transform\u00e9\",\"publisher\":{\"@id\":\"https:\\\/\\\/aglownet.org\\\/togo\\\/#organization\"},\"potentialAction\":[{\"@type\":\"SearchAction\",\"target\":{\"@type\":\"EntryPoint\",\"urlTemplate\":\"https:\\\/\\\/aglownet.org\\\/togo\\\/?s={search_term_string}\"},\"query-input\":{\"@type\":\"PropertyValueSpecification\",\"valueRequired\":true,\"valueName\":\"search_term_string\"}}],\"inLanguage\":\"fr-FR\"},{\"@type\":\"Organization\",\"@id\":\"https:\\\/\\\/aglownet.org\\\/togo\\\/#organization\",\"name\":\"Aglow International\",\"url\":\"https:\\\/\\\/aglownet.org\\\/togo\\\/\",\"logo\":{\"@type\":\"ImageObject\",\"inLanguage\":\"fr-FR\",\"@id\":\"https:\\\/\\\/aglownet.org\\\/togo\\\/#\\\/schema\\\/logo\\\/image\\\/\",\"url\":\"https:\\\/\\\/aglownet.org\\\/togo\\\/wp-content\\\/uploads\\\/sites\\\/6\\\/2018\\\/02\\\/Aglow_logo-orange-4cp_tagline.72dpi_12in.png\",\"contentUrl\":\"https:\\\/\\\/aglownet.org\\\/togo\\\/wp-content\\\/uploads\\\/sites\\\/6\\\/2018\\\/02\\\/Aglow_logo-orange-4cp_tagline.72dpi_12in.png\",\"width\":864,\"height\":338,\"caption\":\"Aglow International\"},\"image\":{\"@id\":\"https:\\\/\\\/aglownet.org\\\/togo\\\/#\\\/schema\\\/logo\\\/image\\\/\"}}]}<\/script>\n<!-- \/ Yoast SEO plugin. -->","yoast_head_json":{"title":"About Aglow (Fran\u00e7aise) - Aglow International Togo","robots":{"index":"index","follow":"follow","max-snippet":"max-snippet:-1","max-image-preview":"max-image-preview:large","max-video-preview":"max-video-preview:-1"},"canonical":"https:\/\/aglownet.org\/togo\/about-aglow-francaise\/","og_locale":"fr_FR","og_type":"article","og_title":"About Aglow (Fran\u00e7aise) - Aglow International Togo","og_description":"(English | Fran\u00e7aise) Sur Aglow D\u00e9montrer Sa Puissance Aglow\u00a0 fait partie de ces r\u00e9seaux que Dieu a \u00e9tablis sur terre pour accomplir Ses plans divins \u00e0 la fin des temps&hellip;","og_url":"https:\/\/aglownet.org\/togo\/about-aglow-francaise\/","og_site_name":"Aglow International Togo","article_modified_time":"2015-02-04T18:58:13+00:00","og_image":[{"url":"https:\/\/aglownet.org\/wp-content\/uploads\/2014\/02\/globe-300x194.jpg","type":"","width":"","height":""}],"twitter_card":"summary_large_image","twitter_misc":{"Dur\u00e9e de lecture estim\u00e9e":"4 minutes"},"schema":{"@context":"https:\/\/schema.org","@graph":[{"@type":"WebPage","@id":"https:\/\/aglownet.org\/togo\/about-aglow-francaise\/","url":"https:\/\/aglownet.org\/togo\/about-aglow-francaise\/","name":"About Aglow (Fran\u00e7aise) - Aglow International Togo","isPartOf":{"@id":"https:\/\/aglownet.org\/togo\/#website"},"primaryImageOfPage":{"@id":"https:\/\/aglownet.org\/togo\/about-aglow-francaise\/#primaryimage"},"image":{"@id":"https:\/\/aglownet.org\/togo\/about-aglow-francaise\/#primaryimage"},"thumbnailUrl":"https:\/\/aglownet.org\/wp-content\/uploads\/2014\/02\/globe-300x194.jpg","datePublished":"2015-02-04T18:33:33+00:00","dateModified":"2015-02-04T18:58:13+00:00","breadcrumb":{"@id":"https:\/\/aglownet.org\/togo\/about-aglow-francaise\/#breadcrumb"},"inLanguage":"fr-FR","potentialAction":[{"@type":"ReadAction","target":["https:\/\/aglownet.org\/togo\/about-aglow-francaise\/"]}]},{"@type":"ImageObject","inLanguage":"fr-FR","@id":"https:\/\/aglownet.org\/togo\/about-aglow-francaise\/#primaryimage","url":"https:\/\/aglownet.org\/wp-content\/uploads\/2014\/02\/globe-300x194.jpg","contentUrl":"https:\/\/aglownet.org\/wp-content\/uploads\/2014\/02\/globe-300x194.jpg"},{"@type":"BreadcrumbList","@id":"https:\/\/aglownet.org\/togo\/about-aglow-francaise\/#breadcrumb","itemListElement":[{"@type":"ListItem","position":1,"name":"Home","item":"https:\/\/aglownet.org\/togo\/"},{"@type":"ListItem","position":2,"name":"About Aglow (Fran\u00e7aise)"}]},{"@type":"WebSite","@id":"https:\/\/aglownet.org\/togo\/#website","url":"https:\/\/aglownet.org\/togo\/","name":"Aglow International Togo","description":"Chaque nation touch\u00e9e, chaque c\u0153ur transform\u00e9","publisher":{"@id":"https:\/\/aglownet.org\/togo\/#organization"},"potentialAction":[{"@type":"SearchAction","target":{"@type":"EntryPoint","urlTemplate":"https:\/\/aglownet.org\/togo\/?s={search_term_string}"},"query-input":{"@type":"PropertyValueSpecification","valueRequired":true,"valueName":"search_term_string"}}],"inLanguage":"fr-FR"},{"@type":"Organization","@id":"https:\/\/aglownet.org\/togo\/#organization","name":"Aglow International","url":"https:\/\/aglownet.org\/togo\/","logo":{"@type":"ImageObject","inLanguage":"fr-FR","@id":"https:\/\/aglownet.org\/togo\/#\/schema\/logo\/image\/","url":"https:\/\/aglownet.org\/togo\/wp-content\/uploads\/sites\/6\/2018\/02\/Aglow_logo-orange-4cp_tagline.72dpi_12in.png","contentUrl":"https:\/\/aglownet.org\/togo\/wp-content\/uploads\/sites\/6\/2018\/02\/Aglow_logo-orange-4cp_tagline.72dpi_12in.png","width":864,"height":338,"caption":"Aglow International"},"image":{"@id":"https:\/\/aglownet.org\/togo\/#\/schema\/logo\/image\/"}}]}},"_links":{"self":[{"href":"https:\/\/aglownet.org\/togo\/wp-json\/wp\/v2\/pages\/84","targetHints":{"allow":["GET"]}}],"collection":[{"href":"https:\/\/aglownet.org\/togo\/wp-json\/wp\/v2\/pages"}],"about":[{"href":"https:\/\/aglownet.org\/togo\/wp-json\/wp\/v2\/types\/page"}],"author":[{"embeddable":true,"href":"https:\/\/aglownet.org\/togo\/wp-json\/wp\/v2\/users\/2"}],"replies":[{"embeddable":true,"href":"https:\/\/aglownet.org\/togo\/wp-json\/wp\/v2\/comments?post=84"}],"version-history":[{"count":3,"href":"https:\/\/aglownet.org\/togo\/wp-json\/wp\/v2\/pages\/84\/revisions"}],"predecessor-version":[{"id":89,"href":"https:\/\/aglownet.org\/togo\/wp-json\/wp\/v2\/pages\/84\/revisions\/89"}],"wp:attachment":[{"href":"https:\/\/aglownet.org\/togo\/wp-json\/wp\/v2\/media?parent=84"}],"curies":[{"name":"wp","href":"https:\/\/api.w.org\/{rel}","templated":true}]}}