{"id":338,"date":"2020-07-31T18:13:13","date_gmt":"2020-07-31T18:13:13","guid":{"rendered":"https:\/\/aglownet.org\/togo\/?page_id=338"},"modified":"2020-08-07T14:54:15","modified_gmt":"2020-08-07T14:54:15","slug":"accueil","status":"publish","type":"page","link":"https:\/\/aglownet.org\/togo\/","title":{"rendered":"Accueil"},"content":{"rendered":"\n\t\t\t\t<img loading=\"lazy\" decoding=\"async\" src=\"https:\/\/aglownet.org\/togo\/wp-content\/uploads\/sites\/6\/2019\/07\/togoglow.jpg\" alt=\"Aglow Togo 30\" itemprop=\"image\" height=\"108\" width=\"959\" title=\"Aglow Togo 30\" onerror=\"this.style.display='none'\"  \/>\n<h1>\n\t\tAglow Togo\n\t<\/h1>\n\tChaque nation touch\u00e9e,<br \/>\nchaque c\u0153ur transform\u00e9\n\t<p>Bienvenue \u00e0 Aglow International Togo !<\/p>\n\t\t\t\t<img loading=\"lazy\" decoding=\"async\" src=\"https:\/\/aglownet.org\/togo\/wp-content\/uploads\/sites\/6\/2020\/07\/togo-30.jpg\" alt=\"togo-30\" itemprop=\"image\" height=\"1080\" width=\"1080\" title=\"togo-30\" onerror=\"this.style.display='none'\"  \/>\n<h4>\n\t\tBe Aglow For Jesus\n\t<\/h4>\n\t<p>C\u2019est pour nous un sentiment de vif bonheur de vous accueillir sur notre site.<\/p>\n<p>Aglow International est un Mouvement du Royaume engag\u00e9 \u00e0 voir la volont\u00e9 de Dieu s\u2019accomplir sur la terre comme au ciel. Nous le faisons de ce fait, \u00e0 partir de la mobilisation en une arm\u00e9e des millions de guerriers, de champions et de leaders mondiaux d\u2019importance. Ces leaders qui investissent de nouveaux territoires et qui entreprennent des \u0153uvres pionni\u00e8res tout en tissant des relations avec les habitants de leur ville.<\/p>\n\t<p>Nous sommes un r\u00e9seau de femmes chr\u00e9tiennes appartenant au corps du Christ, de toutes cat\u00e9gories socio-professionnelles et de tous \u00e2ges qui se r\u00e9unissent pour se r\u00e9jouir de la pr\u00e9sence du Seigneur et de la communion les unes avec les autres.<\/p>\n<p>Nous sommes appel\u00e9es et choisies pour toucher nos communaut\u00e9s et porter la v\u00e9rit\u00e9 du Royaume qui restaure la vie des personnes, les transforme et les ram\u00e8ne dans une relation glorieuse avec Dieu et avec autrui. Au travers d\u2019Aglow Dieu touche des millions de femmes et d\u2019hommes dans toutes les contr\u00e9es de la terre leur apportant l\u2019espoir, la gu\u00e9rison, la r\u00e9conciliation, la restauration et la r\u00e9v\u00e9lation de leur identit\u00e9 en notre Seigneur J\u00e9sus-Christ ! Soyons rayonnant dans toute la bont\u00e9 et la pl\u00e9nitude de Dieu.<\/p>\n\t\t\t\t<img loading=\"lazy\" decoding=\"async\" src=\"https:\/\/aglownet.org\/togo\/wp-content\/uploads\/sites\/6\/2020\/07\/togo-jewels.jpg\" alt=\"togo-jewels\" itemprop=\"image\" height=\"626\" width=\"626\" title=\"togo-jewels\" onerror=\"this.style.display='none'\"  \/>\n","protected":false},"excerpt":{"rendered":"<p>Aglow Togo Chaque nation touch\u00e9e, chaque c\u0153ur transform\u00e9 Bienvenue \u00e0 Aglow International Togo ! Be Aglow For Jesus C\u2019est pour nous un sentiment de vif bonheur de vous accueillir sur&hellip;<\/p>\n","protected":false},"author":2,"featured_media":0,"parent":0,"menu_order":0,"comment_status":"closed","ping_status":"closed","template":"","meta":{"footnotes":""},"class_list":["post-338","page","type-page","status-publish","hentry"],"yoast_head":"<!-- This site is optimized with the Yoast SEO plugin v27.3 - https:\/\/yoast.com\/product\/yoast-seo-wordpress\/ -->\n<title>Accueil - Aglow International Togo<\/title>\n<meta name=\"robots\" content=\"index, follow, max-snippet:-1, max-image-preview:large, max-video-preview:-1\" \/>\n<link rel=\"canonical\" href=\"https:\/\/aglownet.org\/togo\/\" \/>\n<meta property=\"og:locale\" content=\"fr_FR\" \/>\n<meta property=\"og:type\" content=\"article\" \/>\n<meta property=\"og:title\" content=\"Accueil - Aglow International Togo\" \/>\n<meta property=\"og:description\" content=\"Aglow Togo Chaque nation touch\u00e9e, chaque c\u0153ur transform\u00e9 Bienvenue \u00e0 Aglow International Togo ! Be Aglow For Jesus C\u2019est pour nous un sentiment de vif bonheur de vous accueillir sur&hellip;\" \/>\n<meta property=\"og:url\" content=\"https:\/\/aglownet.org\/togo\/\" \/>\n<meta property=\"og:site_name\" content=\"Aglow International Togo\" \/>\n<meta property=\"article:modified_time\" content=\"2020-08-07T14:54:15+00:00\" \/>\n<meta property=\"og:image\" content=\"https:\/\/aglownet.org\/togo\/wp-content\/uploads\/sites\/6\/2019\/07\/togoglow.jpg\" \/>\n<meta name=\"twitter:card\" content=\"summary_large_image\" \/>\n<meta name=\"twitter:label1\" content=\"Dur\u00e9e de lecture estim\u00e9e\" \/>\n\t<meta name=\"twitter:data1\" content=\"1 minute\" \/>\n<script type=\"application\/ld+json\" class=\"yoast-schema-graph\">{\"@context\":\"https:\\\/\\\/schema.org\",\"@graph\":[{\"@type\":\"WebPage\",\"@id\":\"https:\\\/\\\/aglownet.org\\\/togo\\\/\",\"url\":\"https:\\\/\\\/aglownet.org\\\/togo\\\/\",\"name\":\"Accueil - Aglow International Togo\",\"isPartOf\":{\"@id\":\"https:\\\/\\\/aglownet.org\\\/togo\\\/#website\"},\"primaryImageOfPage\":{\"@id\":\"https:\\\/\\\/aglownet.org\\\/togo\\\/#primaryimage\"},\"image\":{\"@id\":\"https:\\\/\\\/aglownet.org\\\/togo\\\/#primaryimage\"},\"thumbnailUrl\":\"https:\\\/\\\/aglownet.org\\\/togo\\\/wp-content\\\/uploads\\\/sites\\\/6\\\/2019\\\/07\\\/togoglow.jpg\",\"datePublished\":\"2020-07-31T18:13:13+00:00\",\"dateModified\":\"2020-08-07T14:54:15+00:00\",\"breadcrumb\":{\"@id\":\"https:\\\/\\\/aglownet.org\\\/togo\\\/#breadcrumb\"},\"inLanguage\":\"fr-FR\",\"potentialAction\":[{\"@type\":\"ReadAction\",\"target\":[\"https:\\\/\\\/aglownet.org\\\/togo\\\/\"]}]},{\"@type\":\"ImageObject\",\"inLanguage\":\"fr-FR\",\"@id\":\"https:\\\/\\\/aglownet.org\\\/togo\\\/#primaryimage\",\"url\":\"https:\\\/\\\/aglownet.org\\\/togo\\\/wp-content\\\/uploads\\\/sites\\\/6\\\/2019\\\/07\\\/togoglow.jpg\",\"contentUrl\":\"https:\\\/\\\/aglownet.org\\\/togo\\\/wp-content\\\/uploads\\\/sites\\\/6\\\/2019\\\/07\\\/togoglow.jpg\",\"width\":959,\"height\":108,\"caption\":\"Aglow Togo 30\"},{\"@type\":\"BreadcrumbList\",\"@id\":\"https:\\\/\\\/aglownet.org\\\/togo\\\/#breadcrumb\",\"itemListElement\":[{\"@type\":\"ListItem\",\"position\":1,\"name\":\"Home\",\"item\":\"https:\\\/\\\/aglownet.org\\\/togo\\\/\"},{\"@type\":\"ListItem\",\"position\":2,\"name\":\"Accueil\"}]},{\"@type\":\"WebSite\",\"@id\":\"https:\\\/\\\/aglownet.org\\\/togo\\\/#website\",\"url\":\"https:\\\/\\\/aglownet.org\\\/togo\\\/\",\"name\":\"Aglow International Togo\",\"description\":\"Chaque nation touch\u00e9e, chaque c\u0153ur transform\u00e9\",\"publisher\":{\"@id\":\"https:\\\/\\\/aglownet.org\\\/togo\\\/#organization\"},\"potentialAction\":[{\"@type\":\"SearchAction\",\"target\":{\"@type\":\"EntryPoint\",\"urlTemplate\":\"https:\\\/\\\/aglownet.org\\\/togo\\\/?s={search_term_string}\"},\"query-input\":{\"@type\":\"PropertyValueSpecification\",\"valueRequired\":true,\"valueName\":\"search_term_string\"}}],\"inLanguage\":\"fr-FR\"},{\"@type\":\"Organization\",\"@id\":\"https:\\\/\\\/aglownet.org\\\/togo\\\/#organization\",\"name\":\"Aglow International\",\"url\":\"https:\\\/\\\/aglownet.org\\\/togo\\\/\",\"logo\":{\"@type\":\"ImageObject\",\"inLanguage\":\"fr-FR\",\"@id\":\"https:\\\/\\\/aglownet.org\\\/togo\\\/#\\\/schema\\\/logo\\\/image\\\/\",\"url\":\"https:\\\/\\\/aglownet.org\\\/togo\\\/wp-content\\\/uploads\\\/sites\\\/6\\\/2018\\\/02\\\/Aglow_logo-orange-4cp_tagline.72dpi_12in.png\",\"contentUrl\":\"https:\\\/\\\/aglownet.org\\\/togo\\\/wp-content\\\/uploads\\\/sites\\\/6\\\/2018\\\/02\\\/Aglow_logo-orange-4cp_tagline.72dpi_12in.png\",\"width\":864,\"height\":338,\"caption\":\"Aglow International\"},\"image\":{\"@id\":\"https:\\\/\\\/aglownet.org\\\/togo\\\/#\\\/schema\\\/logo\\\/image\\\/\"}}]}<\/script>\n<!-- \/ Yoast SEO plugin. -->","yoast_head_json":{"title":"Accueil - Aglow International Togo","robots":{"index":"index","follow":"follow","max-snippet":"max-snippet:-1","max-image-preview":"max-image-preview:large","max-video-preview":"max-video-preview:-1"},"canonical":"https:\/\/aglownet.org\/togo\/","og_locale":"fr_FR","og_type":"article","og_title":"Accueil - Aglow International Togo","og_description":"Aglow Togo Chaque nation touch\u00e9e, chaque c\u0153ur transform\u00e9 Bienvenue \u00e0 Aglow International Togo ! Be Aglow For Jesus C\u2019est pour nous un sentiment de vif bonheur de vous accueillir sur&hellip;","og_url":"https:\/\/aglownet.org\/togo\/","og_site_name":"Aglow International Togo","article_modified_time":"2020-08-07T14:54:15+00:00","og_image":[{"url":"https:\/\/aglownet.org\/togo\/wp-content\/uploads\/sites\/6\/2019\/07\/togoglow.jpg","type":"","width":"","height":""}],"twitter_card":"summary_large_image","twitter_misc":{"Dur\u00e9e de lecture estim\u00e9e":"1 minute"},"schema":{"@context":"https:\/\/schema.org","@graph":[{"@type":"WebPage","@id":"https:\/\/aglownet.org\/togo\/","url":"https:\/\/aglownet.org\/togo\/","name":"Accueil - Aglow International Togo","isPartOf":{"@id":"https:\/\/aglownet.org\/togo\/#website"},"primaryImageOfPage":{"@id":"https:\/\/aglownet.org\/togo\/#primaryimage"},"image":{"@id":"https:\/\/aglownet.org\/togo\/#primaryimage"},"thumbnailUrl":"https:\/\/aglownet.org\/togo\/wp-content\/uploads\/sites\/6\/2019\/07\/togoglow.jpg","datePublished":"2020-07-31T18:13:13+00:00","dateModified":"2020-08-07T14:54:15+00:00","breadcrumb":{"@id":"https:\/\/aglownet.org\/togo\/#breadcrumb"},"inLanguage":"fr-FR","potentialAction":[{"@type":"ReadAction","target":["https:\/\/aglownet.org\/togo\/"]}]},{"@type":"ImageObject","inLanguage":"fr-FR","@id":"https:\/\/aglownet.org\/togo\/#primaryimage","url":"https:\/\/aglownet.org\/togo\/wp-content\/uploads\/sites\/6\/2019\/07\/togoglow.jpg","contentUrl":"https:\/\/aglownet.org\/togo\/wp-content\/uploads\/sites\/6\/2019\/07\/togoglow.jpg","width":959,"height":108,"caption":"Aglow Togo 30"},{"@type":"BreadcrumbList","@id":"https:\/\/aglownet.org\/togo\/#breadcrumb","itemListElement":[{"@type":"ListItem","position":1,"name":"Home","item":"https:\/\/aglownet.org\/togo\/"},{"@type":"ListItem","position":2,"name":"Accueil"}]},{"@type":"WebSite","@id":"https:\/\/aglownet.org\/togo\/#website","url":"https:\/\/aglownet.org\/togo\/","name":"Aglow International Togo","description":"Chaque nation touch\u00e9e, chaque c\u0153ur transform\u00e9","publisher":{"@id":"https:\/\/aglownet.org\/togo\/#organization"},"potentialAction":[{"@type":"SearchAction","target":{"@type":"EntryPoint","urlTemplate":"https:\/\/aglownet.org\/togo\/?s={search_term_string}"},"query-input":{"@type":"PropertyValueSpecification","valueRequired":true,"valueName":"search_term_string"}}],"inLanguage":"fr-FR"},{"@type":"Organization","@id":"https:\/\/aglownet.org\/togo\/#organization","name":"Aglow International","url":"https:\/\/aglownet.org\/togo\/","logo":{"@type":"ImageObject","inLanguage":"fr-FR","@id":"https:\/\/aglownet.org\/togo\/#\/schema\/logo\/image\/","url":"https:\/\/aglownet.org\/togo\/wp-content\/uploads\/sites\/6\/2018\/02\/Aglow_logo-orange-4cp_tagline.72dpi_12in.png","contentUrl":"https:\/\/aglownet.org\/togo\/wp-content\/uploads\/sites\/6\/2018\/02\/Aglow_logo-orange-4cp_tagline.72dpi_12in.png","width":864,"height":338,"caption":"Aglow International"},"image":{"@id":"https:\/\/aglownet.org\/togo\/#\/schema\/logo\/image\/"}}]}},"_links":{"self":[{"href":"https:\/\/aglownet.org\/togo\/wp-json\/wp\/v2\/pages\/338","targetHints":{"allow":["GET"]}}],"collection":[{"href":"https:\/\/aglownet.org\/togo\/wp-json\/wp\/v2\/pages"}],"about":[{"href":"https:\/\/aglownet.org\/togo\/wp-json\/wp\/v2\/types\/page"}],"author":[{"embeddable":true,"href":"https:\/\/aglownet.org\/togo\/wp-json\/wp\/v2\/users\/2"}],"replies":[{"embeddable":true,"href":"https:\/\/aglownet.org\/togo\/wp-json\/wp\/v2\/comments?post=338"}],"version-history":[{"count":5,"href":"https:\/\/aglownet.org\/togo\/wp-json\/wp\/v2\/pages\/338\/revisions"}],"predecessor-version":[{"id":360,"href":"https:\/\/aglownet.org\/togo\/wp-json\/wp\/v2\/pages\/338\/revisions\/360"}],"wp:attachment":[{"href":"https:\/\/aglownet.org\/togo\/wp-json\/wp\/v2\/media?parent=338"}],"curies":[{"name":"wp","href":"https:\/\/api.w.org\/{rel}","templated":true}]}}