{"id":24,"date":"2014-05-02T17:44:25","date_gmt":"2014-05-02T17:44:25","guid":{"rendered":"http:\/\/aglownet.org\/togo\/aglow-vision-and-mission\/"},"modified":"2020-06-29T16:38:23","modified_gmt":"2020-06-29T16:38:23","slug":"aglow-vision-and-mission","status":"publish","type":"page","link":"https:\/\/aglownet.org\/togo\/aglow-vision-and-mission\/","title":{"rendered":"Identity Statement, Vision, Mission, &#038; Goal"},"content":{"rendered":"<p>The vision statement of Aglow International is both bold and broad. It is a statement that encompasses everything we do and leaves expansion for our future. <em>Vision is not about direction. It is about the height we wish to achieve.<\/em><\/p>\n<h3>Identity Statement:<\/h3>\n<p>Aglow is an international organization of women and men in more than 170 nations of the world, presenting Biblical principles as solutions to the challenging issues of our time.<\/p>\n<h3>Vision Statement:<\/h3>\n<p>To propel the Kingdom forward through the elevation of the knowledge of God.<\/p>\n<h3>Mission Statement:<\/h3>\n<p>The Kingdom of God is the realization of the love, grace, power, and rule of God on earth.<br \/>\nAglow International is a Kingdom Movement committed to:<\/p>\n<ul>\n<li>Living from the Presence of God, creating the same atmosphere on earth as it is in Heaven.<\/li>\n<li>Assembling millions into a company of warriors, champions, and global leaders of significance equipped with a Biblical worldview.<\/li>\n<li>Building the Kingdom in all communities, cities and nations by developing apostolic teams that demonstrate the power of Heaven.<\/li>\n<\/ul>\n<h3>Goal:<\/h3>\n<p><em>Every nation touched, every heart changed.<\/em><\/p>\n","protected":false},"excerpt":{"rendered":"<p>The vision statement of Aglow International is both bold and broad. It is a statement that encompasses everything we do and leaves expansion for our future. Vision is not about&hellip;<\/p>\n","protected":false},"author":1,"featured_media":0,"parent":0,"menu_order":0,"comment_status":"closed","ping_status":"closed","template":"","meta":{"footnotes":""},"class_list":["post-24","page","type-page","status-publish","hentry"],"yoast_head":"<!-- This site is optimized with the Yoast SEO plugin v27.3 - https:\/\/yoast.com\/product\/yoast-seo-wordpress\/ -->\n<title>Identity Statement, Vision, Mission, &amp; Goal - Aglow International Togo<\/title>\n<meta name=\"robots\" content=\"index, follow, max-snippet:-1, max-image-preview:large, max-video-preview:-1\" \/>\n<link rel=\"canonical\" href=\"https:\/\/aglownet.org\/togo\/aglow-vision-and-mission\/\" \/>\n<meta property=\"og:locale\" content=\"fr_FR\" \/>\n<meta property=\"og:type\" content=\"article\" \/>\n<meta property=\"og:title\" content=\"Identity Statement, Vision, Mission, &amp; Goal - Aglow International Togo\" \/>\n<meta property=\"og:description\" content=\"The vision statement of Aglow International is both bold and broad. It is a statement that encompasses everything we do and leaves expansion for our future. Vision is not about&hellip;\" \/>\n<meta property=\"og:url\" content=\"https:\/\/aglownet.org\/togo\/aglow-vision-and-mission\/\" \/>\n<meta property=\"og:site_name\" content=\"Aglow International Togo\" \/>\n<meta property=\"article:modified_time\" content=\"2020-06-29T16:38:23+00:00\" \/>\n<meta name=\"twitter:card\" content=\"summary_large_image\" \/>\n<meta name=\"twitter:label1\" content=\"Dur\u00e9e de lecture estim\u00e9e\" \/>\n\t<meta name=\"twitter:data1\" content=\"1 minute\" \/>\n<script type=\"application\/ld+json\" class=\"yoast-schema-graph\">{\"@context\":\"https:\\\/\\\/schema.org\",\"@graph\":[{\"@type\":\"WebPage\",\"@id\":\"https:\\\/\\\/aglownet.org\\\/togo\\\/aglow-vision-and-mission\\\/\",\"url\":\"https:\\\/\\\/aglownet.org\\\/togo\\\/aglow-vision-and-mission\\\/\",\"name\":\"Identity Statement, Vision, Mission, & Goal - Aglow International Togo\",\"isPartOf\":{\"@id\":\"https:\\\/\\\/aglownet.org\\\/togo\\\/#website\"},\"datePublished\":\"2014-05-02T17:44:25+00:00\",\"dateModified\":\"2020-06-29T16:38:23+00:00\",\"breadcrumb\":{\"@id\":\"https:\\\/\\\/aglownet.org\\\/togo\\\/aglow-vision-and-mission\\\/#breadcrumb\"},\"inLanguage\":\"fr-FR\",\"potentialAction\":[{\"@type\":\"ReadAction\",\"target\":[\"https:\\\/\\\/aglownet.org\\\/togo\\\/aglow-vision-and-mission\\\/\"]}]},{\"@type\":\"BreadcrumbList\",\"@id\":\"https:\\\/\\\/aglownet.org\\\/togo\\\/aglow-vision-and-mission\\\/#breadcrumb\",\"itemListElement\":[{\"@type\":\"ListItem\",\"position\":1,\"name\":\"Home\",\"item\":\"https:\\\/\\\/aglownet.org\\\/togo\\\/\"},{\"@type\":\"ListItem\",\"position\":2,\"name\":\"Identity Statement, Vision, Mission, &#038; Goal\"}]},{\"@type\":\"WebSite\",\"@id\":\"https:\\\/\\\/aglownet.org\\\/togo\\\/#website\",\"url\":\"https:\\\/\\\/aglownet.org\\\/togo\\\/\",\"name\":\"Aglow International Togo\",\"description\":\"Chaque nation touch\u00e9e, chaque c\u0153ur transform\u00e9\",\"publisher\":{\"@id\":\"https:\\\/\\\/aglownet.org\\\/togo\\\/#organization\"},\"potentialAction\":[{\"@type\":\"SearchAction\",\"target\":{\"@type\":\"EntryPoint\",\"urlTemplate\":\"https:\\\/\\\/aglownet.org\\\/togo\\\/?s={search_term_string}\"},\"query-input\":{\"@type\":\"PropertyValueSpecification\",\"valueRequired\":true,\"valueName\":\"search_term_string\"}}],\"inLanguage\":\"fr-FR\"},{\"@type\":\"Organization\",\"@id\":\"https:\\\/\\\/aglownet.org\\\/togo\\\/#organization\",\"name\":\"Aglow International\",\"url\":\"https:\\\/\\\/aglownet.org\\\/togo\\\/\",\"logo\":{\"@type\":\"ImageObject\",\"inLanguage\":\"fr-FR\",\"@id\":\"https:\\\/\\\/aglownet.org\\\/togo\\\/#\\\/schema\\\/logo\\\/image\\\/\",\"url\":\"https:\\\/\\\/aglownet.org\\\/togo\\\/wp-content\\\/uploads\\\/sites\\\/6\\\/2018\\\/02\\\/Aglow_logo-orange-4cp_tagline.72dpi_12in.png\",\"contentUrl\":\"https:\\\/\\\/aglownet.org\\\/togo\\\/wp-content\\\/uploads\\\/sites\\\/6\\\/2018\\\/02\\\/Aglow_logo-orange-4cp_tagline.72dpi_12in.png\",\"width\":864,\"height\":338,\"caption\":\"Aglow International\"},\"image\":{\"@id\":\"https:\\\/\\\/aglownet.org\\\/togo\\\/#\\\/schema\\\/logo\\\/image\\\/\"}}]}<\/script>\n<!-- \/ Yoast SEO plugin. -->","yoast_head_json":{"title":"Identity Statement, Vision, Mission, & Goal - Aglow International Togo","robots":{"index":"index","follow":"follow","max-snippet":"max-snippet:-1","max-image-preview":"max-image-preview:large","max-video-preview":"max-video-preview:-1"},"canonical":"https:\/\/aglownet.org\/togo\/aglow-vision-and-mission\/","og_locale":"fr_FR","og_type":"article","og_title":"Identity Statement, Vision, Mission, & Goal - Aglow International Togo","og_description":"The vision statement of Aglow International is both bold and broad. It is a statement that encompasses everything we do and leaves expansion for our future. Vision is not about&hellip;","og_url":"https:\/\/aglownet.org\/togo\/aglow-vision-and-mission\/","og_site_name":"Aglow International Togo","article_modified_time":"2020-06-29T16:38:23+00:00","twitter_card":"summary_large_image","twitter_misc":{"Dur\u00e9e de lecture estim\u00e9e":"1 minute"},"schema":{"@context":"https:\/\/schema.org","@graph":[{"@type":"WebPage","@id":"https:\/\/aglownet.org\/togo\/aglow-vision-and-mission\/","url":"https:\/\/aglownet.org\/togo\/aglow-vision-and-mission\/","name":"Identity Statement, Vision, Mission, & Goal - Aglow International Togo","isPartOf":{"@id":"https:\/\/aglownet.org\/togo\/#website"},"datePublished":"2014-05-02T17:44:25+00:00","dateModified":"2020-06-29T16:38:23+00:00","breadcrumb":{"@id":"https:\/\/aglownet.org\/togo\/aglow-vision-and-mission\/#breadcrumb"},"inLanguage":"fr-FR","potentialAction":[{"@type":"ReadAction","target":["https:\/\/aglownet.org\/togo\/aglow-vision-and-mission\/"]}]},{"@type":"BreadcrumbList","@id":"https:\/\/aglownet.org\/togo\/aglow-vision-and-mission\/#breadcrumb","itemListElement":[{"@type":"ListItem","position":1,"name":"Home","item":"https:\/\/aglownet.org\/togo\/"},{"@type":"ListItem","position":2,"name":"Identity Statement, Vision, Mission, &#038; Goal"}]},{"@type":"WebSite","@id":"https:\/\/aglownet.org\/togo\/#website","url":"https:\/\/aglownet.org\/togo\/","name":"Aglow International Togo","description":"Chaque nation touch\u00e9e, chaque c\u0153ur transform\u00e9","publisher":{"@id":"https:\/\/aglownet.org\/togo\/#organization"},"potentialAction":[{"@type":"SearchAction","target":{"@type":"EntryPoint","urlTemplate":"https:\/\/aglownet.org\/togo\/?s={search_term_string}"},"query-input":{"@type":"PropertyValueSpecification","valueRequired":true,"valueName":"search_term_string"}}],"inLanguage":"fr-FR"},{"@type":"Organization","@id":"https:\/\/aglownet.org\/togo\/#organization","name":"Aglow International","url":"https:\/\/aglownet.org\/togo\/","logo":{"@type":"ImageObject","inLanguage":"fr-FR","@id":"https:\/\/aglownet.org\/togo\/#\/schema\/logo\/image\/","url":"https:\/\/aglownet.org\/togo\/wp-content\/uploads\/sites\/6\/2018\/02\/Aglow_logo-orange-4cp_tagline.72dpi_12in.png","contentUrl":"https:\/\/aglownet.org\/togo\/wp-content\/uploads\/sites\/6\/2018\/02\/Aglow_logo-orange-4cp_tagline.72dpi_12in.png","width":864,"height":338,"caption":"Aglow International"},"image":{"@id":"https:\/\/aglownet.org\/togo\/#\/schema\/logo\/image\/"}}]}},"_links":{"self":[{"href":"https:\/\/aglownet.org\/togo\/wp-json\/wp\/v2\/pages\/24","targetHints":{"allow":["GET"]}}],"collection":[{"href":"https:\/\/aglownet.org\/togo\/wp-json\/wp\/v2\/pages"}],"about":[{"href":"https:\/\/aglownet.org\/togo\/wp-json\/wp\/v2\/types\/page"}],"author":[{"embeddable":true,"href":"https:\/\/aglownet.org\/togo\/wp-json\/wp\/v2\/users\/1"}],"replies":[{"embeddable":true,"href":"https:\/\/aglownet.org\/togo\/wp-json\/wp\/v2\/comments?post=24"}],"version-history":[{"count":28,"href":"https:\/\/aglownet.org\/togo\/wp-json\/wp\/v2\/pages\/24\/revisions"}],"predecessor-version":[{"id":280,"href":"https:\/\/aglownet.org\/togo\/wp-json\/wp\/v2\/pages\/24\/revisions\/280"}],"wp:attachment":[{"href":"https:\/\/aglownet.org\/togo\/wp-json\/wp\/v2\/media?parent=24"}],"curies":[{"name":"wp","href":"https:\/\/api.w.org\/{rel}","templated":true}]}}