{"id":13,"date":"2014-12-17T17:15:36","date_gmt":"2014-12-17T17:15:36","guid":{"rendered":"http:\/\/aglownet.org\/togo\/core-values-francaise\/"},"modified":"2015-01-05T22:16:15","modified_gmt":"2015-01-05T22:16:15","slug":"core-values-francaise","status":"publish","type":"page","link":"https:\/\/aglownet.org\/togo\/core-values-francaise\/","title":{"rendered":"Aglow Core Values (Fran\u00e7aise)"},"content":{"rendered":"<h3>Valeurs centrales<\/h3>\n<p><a href=\"https:\/\/aglownet.org\/wp-content\/uploads\/2014\/12\/core-values-fr-web.jpg\"><img loading=\"lazy\" decoding=\"async\" class=\"alignright size-medium wp-image-192\" style=\"border-radius: 10px;\" src=\"https:\/\/aglownet.org\/wp-content\/uploads\/2014\/12\/core-values-fr-web-300x300.jpg\" alt=\"VALEURS FONDAMENTALES D\u2019AGLOW\" width=\"300\" height=\"300\" \/><\/a>En tant que Communaut\u00e9 du Royaume,\u00a0 Aglow International s\u2019engage totalement dans:<\/p>\n<ul>\n<li><strong>La Pr\u00e9sence de Dieu<\/strong> \u2013 Cr\u00e9er une atmosph\u00e8re et un environnement d\u2019adoration qui permet de rencontrer la pr\u00e9sence de Dieu.\u00a0 (Psaume 22:3)<\/li>\n<li><strong>Les Relations<\/strong> \u2013 Se traiter mutuellement avec int\u00e9grit\u00e9, honn\u00eatet\u00e9, amour inconditionnel et bont\u00e9.\u00a0 (1 Pierre 4:8)<\/li>\n<li><strong>La r\u00e9demption<\/strong> &#8211; S\u2019associer \u00e0 Dieu pour la r\u00e9demption de toute chose selon l\u2019Evangile. (Colossiens 1 :13-14)<\/li>\n<li><strong>Libert\u00e9<\/strong>&#8211; Se tenir ferme contre tout ce qui veut nous tenir en esclavage. (Gal 5:1)<\/li>\n<li><strong>Restauration<\/strong> &#8211; Amener chaque identit\u00e9 \u00e0 s\u2019aligner aux buts divins de Dieu. (Rom 12:2, Eph 4:22-24)<\/li>\n<li><strong>Les Bien-aim\u00e9s<\/strong> \u2013En tant que communaut\u00e9, savoir que nous sommes les bien-aim\u00e9s du Seigneur et que notre identit\u00e9 est d \u2018\u00eatre l\u2019Epouse de Christ. (Cantique des Cantiques 7:10, Eph 1:6)<\/li>\n<li><strong>Bont\u00e9<\/strong> \u2013 Manifester la bont\u00e9 comme puissance de Dieu pour vaincre le diable. (Rom 12:21, Actes 10:38)<\/li>\n<li><strong>Rayonnement<\/strong> \u2013Avoir des rencontres radieuses avec Dieu et faire l\u2019exp\u00e9rience glorieuse de qui est Christ en nous. (Eph 1:17-20)<\/li>\n<li><strong>Le Royaume de Dieu<\/strong>\u00a0 &#8211; Exprimer la nature de Dieu\u00a0 par la r\u00e9conciliation au monde qu\u2019Il aime.\u00a0 (2 Cor 5:18-20, Col 1:19,20)<\/li>\n<li><strong>Puissance Surnaturelle<\/strong> \u2013 Suivre les signes, les prodiges et les miracles pour manifester la nature du ciel sur la terre dans la vie de l\u2019Esprit. (Marc 16:17-18, 1 Cor 12:4-11)<\/li>\n<\/ul>\n","protected":false},"excerpt":{"rendered":"<p>Valeurs centrales En tant que Communaut\u00e9 du Royaume,\u00a0 Aglow International s\u2019engage totalement dans: La Pr\u00e9sence de Dieu \u2013 Cr\u00e9er une atmosph\u00e8re et un environnement d\u2019adoration qui permet de rencontrer la&hellip;<\/p>\n","protected":false},"author":2,"featured_media":0,"parent":0,"menu_order":0,"comment_status":"closed","ping_status":"closed","template":"","meta":{"footnotes":""},"class_list":["post-13","page","type-page","status-publish","hentry"],"yoast_head":"<!-- This site is optimized with the Yoast SEO plugin v27.3 - https:\/\/yoast.com\/product\/yoast-seo-wordpress\/ -->\n<title>Aglow Core Values (Fran\u00e7aise) - Aglow International Togo<\/title>\n<meta name=\"robots\" content=\"index, follow, max-snippet:-1, max-image-preview:large, max-video-preview:-1\" \/>\n<link rel=\"canonical\" href=\"https:\/\/aglownet.org\/togo\/core-values-francaise\/\" \/>\n<meta property=\"og:locale\" content=\"fr_FR\" \/>\n<meta property=\"og:type\" content=\"article\" \/>\n<meta property=\"og:title\" content=\"Aglow Core Values (Fran\u00e7aise) - Aglow International Togo\" \/>\n<meta property=\"og:description\" content=\"Valeurs centrales En tant que Communaut\u00e9 du Royaume,\u00a0 Aglow International s\u2019engage totalement dans: La Pr\u00e9sence de Dieu \u2013 Cr\u00e9er une atmosph\u00e8re et un environnement d\u2019adoration qui permet de rencontrer la&hellip;\" \/>\n<meta property=\"og:url\" content=\"https:\/\/aglownet.org\/togo\/core-values-francaise\/\" \/>\n<meta property=\"og:site_name\" content=\"Aglow International Togo\" \/>\n<meta property=\"article:modified_time\" content=\"2015-01-05T22:16:15+00:00\" \/>\n<meta property=\"og:image\" content=\"https:\/\/aglownet.org\/wp-content\/uploads\/2014\/12\/core-values-fr-web-300x300.jpg\" \/>\n<meta name=\"twitter:card\" content=\"summary_large_image\" \/>\n<meta name=\"twitter:label1\" content=\"Dur\u00e9e de lecture estim\u00e9e\" \/>\n\t<meta name=\"twitter:data1\" content=\"1 minute\" \/>\n<script type=\"application\/ld+json\" class=\"yoast-schema-graph\">{\"@context\":\"https:\\\/\\\/schema.org\",\"@graph\":[{\"@type\":\"WebPage\",\"@id\":\"https:\\\/\\\/aglownet.org\\\/togo\\\/core-values-francaise\\\/\",\"url\":\"https:\\\/\\\/aglownet.org\\\/togo\\\/core-values-francaise\\\/\",\"name\":\"Aglow Core Values (Fran\u00e7aise) - Aglow International Togo\",\"isPartOf\":{\"@id\":\"https:\\\/\\\/aglownet.org\\\/togo\\\/#website\"},\"primaryImageOfPage\":{\"@id\":\"https:\\\/\\\/aglownet.org\\\/togo\\\/core-values-francaise\\\/#primaryimage\"},\"image\":{\"@id\":\"https:\\\/\\\/aglownet.org\\\/togo\\\/core-values-francaise\\\/#primaryimage\"},\"thumbnailUrl\":\"https:\\\/\\\/aglownet.org\\\/wp-content\\\/uploads\\\/2014\\\/12\\\/core-values-fr-web-300x300.jpg\",\"datePublished\":\"2014-12-17T17:15:36+00:00\",\"dateModified\":\"2015-01-05T22:16:15+00:00\",\"breadcrumb\":{\"@id\":\"https:\\\/\\\/aglownet.org\\\/togo\\\/core-values-francaise\\\/#breadcrumb\"},\"inLanguage\":\"fr-FR\",\"potentialAction\":[{\"@type\":\"ReadAction\",\"target\":[\"https:\\\/\\\/aglownet.org\\\/togo\\\/core-values-francaise\\\/\"]}]},{\"@type\":\"ImageObject\",\"inLanguage\":\"fr-FR\",\"@id\":\"https:\\\/\\\/aglownet.org\\\/togo\\\/core-values-francaise\\\/#primaryimage\",\"url\":\"https:\\\/\\\/aglownet.org\\\/wp-content\\\/uploads\\\/2014\\\/12\\\/core-values-fr-web-300x300.jpg\",\"contentUrl\":\"https:\\\/\\\/aglownet.org\\\/wp-content\\\/uploads\\\/2014\\\/12\\\/core-values-fr-web-300x300.jpg\"},{\"@type\":\"BreadcrumbList\",\"@id\":\"https:\\\/\\\/aglownet.org\\\/togo\\\/core-values-francaise\\\/#breadcrumb\",\"itemListElement\":[{\"@type\":\"ListItem\",\"position\":1,\"name\":\"Home\",\"item\":\"https:\\\/\\\/aglownet.org\\\/togo\\\/\"},{\"@type\":\"ListItem\",\"position\":2,\"name\":\"Aglow Core Values (Fran\u00e7aise)\"}]},{\"@type\":\"WebSite\",\"@id\":\"https:\\\/\\\/aglownet.org\\\/togo\\\/#website\",\"url\":\"https:\\\/\\\/aglownet.org\\\/togo\\\/\",\"name\":\"Aglow International Togo\",\"description\":\"Chaque nation touch\u00e9e, chaque c\u0153ur transform\u00e9\",\"publisher\":{\"@id\":\"https:\\\/\\\/aglownet.org\\\/togo\\\/#organization\"},\"potentialAction\":[{\"@type\":\"SearchAction\",\"target\":{\"@type\":\"EntryPoint\",\"urlTemplate\":\"https:\\\/\\\/aglownet.org\\\/togo\\\/?s={search_term_string}\"},\"query-input\":{\"@type\":\"PropertyValueSpecification\",\"valueRequired\":true,\"valueName\":\"search_term_string\"}}],\"inLanguage\":\"fr-FR\"},{\"@type\":\"Organization\",\"@id\":\"https:\\\/\\\/aglownet.org\\\/togo\\\/#organization\",\"name\":\"Aglow International\",\"url\":\"https:\\\/\\\/aglownet.org\\\/togo\\\/\",\"logo\":{\"@type\":\"ImageObject\",\"inLanguage\":\"fr-FR\",\"@id\":\"https:\\\/\\\/aglownet.org\\\/togo\\\/#\\\/schema\\\/logo\\\/image\\\/\",\"url\":\"https:\\\/\\\/aglownet.org\\\/togo\\\/wp-content\\\/uploads\\\/sites\\\/6\\\/2018\\\/02\\\/Aglow_logo-orange-4cp_tagline.72dpi_12in.png\",\"contentUrl\":\"https:\\\/\\\/aglownet.org\\\/togo\\\/wp-content\\\/uploads\\\/sites\\\/6\\\/2018\\\/02\\\/Aglow_logo-orange-4cp_tagline.72dpi_12in.png\",\"width\":864,\"height\":338,\"caption\":\"Aglow International\"},\"image\":{\"@id\":\"https:\\\/\\\/aglownet.org\\\/togo\\\/#\\\/schema\\\/logo\\\/image\\\/\"}}]}<\/script>\n<!-- \/ Yoast SEO plugin. -->","yoast_head_json":{"title":"Aglow Core Values (Fran\u00e7aise) - Aglow International Togo","robots":{"index":"index","follow":"follow","max-snippet":"max-snippet:-1","max-image-preview":"max-image-preview:large","max-video-preview":"max-video-preview:-1"},"canonical":"https:\/\/aglownet.org\/togo\/core-values-francaise\/","og_locale":"fr_FR","og_type":"article","og_title":"Aglow Core Values (Fran\u00e7aise) - Aglow International Togo","og_description":"Valeurs centrales En tant que Communaut\u00e9 du Royaume,\u00a0 Aglow International s\u2019engage totalement dans: La Pr\u00e9sence de Dieu \u2013 Cr\u00e9er une atmosph\u00e8re et un environnement d\u2019adoration qui permet de rencontrer la&hellip;","og_url":"https:\/\/aglownet.org\/togo\/core-values-francaise\/","og_site_name":"Aglow International Togo","article_modified_time":"2015-01-05T22:16:15+00:00","og_image":[{"url":"https:\/\/aglownet.org\/wp-content\/uploads\/2014\/12\/core-values-fr-web-300x300.jpg","type":"","width":"","height":""}],"twitter_card":"summary_large_image","twitter_misc":{"Dur\u00e9e de lecture estim\u00e9e":"1 minute"},"schema":{"@context":"https:\/\/schema.org","@graph":[{"@type":"WebPage","@id":"https:\/\/aglownet.org\/togo\/core-values-francaise\/","url":"https:\/\/aglownet.org\/togo\/core-values-francaise\/","name":"Aglow Core Values (Fran\u00e7aise) - Aglow International Togo","isPartOf":{"@id":"https:\/\/aglownet.org\/togo\/#website"},"primaryImageOfPage":{"@id":"https:\/\/aglownet.org\/togo\/core-values-francaise\/#primaryimage"},"image":{"@id":"https:\/\/aglownet.org\/togo\/core-values-francaise\/#primaryimage"},"thumbnailUrl":"https:\/\/aglownet.org\/wp-content\/uploads\/2014\/12\/core-values-fr-web-300x300.jpg","datePublished":"2014-12-17T17:15:36+00:00","dateModified":"2015-01-05T22:16:15+00:00","breadcrumb":{"@id":"https:\/\/aglownet.org\/togo\/core-values-francaise\/#breadcrumb"},"inLanguage":"fr-FR","potentialAction":[{"@type":"ReadAction","target":["https:\/\/aglownet.org\/togo\/core-values-francaise\/"]}]},{"@type":"ImageObject","inLanguage":"fr-FR","@id":"https:\/\/aglownet.org\/togo\/core-values-francaise\/#primaryimage","url":"https:\/\/aglownet.org\/wp-content\/uploads\/2014\/12\/core-values-fr-web-300x300.jpg","contentUrl":"https:\/\/aglownet.org\/wp-content\/uploads\/2014\/12\/core-values-fr-web-300x300.jpg"},{"@type":"BreadcrumbList","@id":"https:\/\/aglownet.org\/togo\/core-values-francaise\/#breadcrumb","itemListElement":[{"@type":"ListItem","position":1,"name":"Home","item":"https:\/\/aglownet.org\/togo\/"},{"@type":"ListItem","position":2,"name":"Aglow Core Values (Fran\u00e7aise)"}]},{"@type":"WebSite","@id":"https:\/\/aglownet.org\/togo\/#website","url":"https:\/\/aglownet.org\/togo\/","name":"Aglow International Togo","description":"Chaque nation touch\u00e9e, chaque c\u0153ur transform\u00e9","publisher":{"@id":"https:\/\/aglownet.org\/togo\/#organization"},"potentialAction":[{"@type":"SearchAction","target":{"@type":"EntryPoint","urlTemplate":"https:\/\/aglownet.org\/togo\/?s={search_term_string}"},"query-input":{"@type":"PropertyValueSpecification","valueRequired":true,"valueName":"search_term_string"}}],"inLanguage":"fr-FR"},{"@type":"Organization","@id":"https:\/\/aglownet.org\/togo\/#organization","name":"Aglow International","url":"https:\/\/aglownet.org\/togo\/","logo":{"@type":"ImageObject","inLanguage":"fr-FR","@id":"https:\/\/aglownet.org\/togo\/#\/schema\/logo\/image\/","url":"https:\/\/aglownet.org\/togo\/wp-content\/uploads\/sites\/6\/2018\/02\/Aglow_logo-orange-4cp_tagline.72dpi_12in.png","contentUrl":"https:\/\/aglownet.org\/togo\/wp-content\/uploads\/sites\/6\/2018\/02\/Aglow_logo-orange-4cp_tagline.72dpi_12in.png","width":864,"height":338,"caption":"Aglow International"},"image":{"@id":"https:\/\/aglownet.org\/togo\/#\/schema\/logo\/image\/"}}]}},"_links":{"self":[{"href":"https:\/\/aglownet.org\/togo\/wp-json\/wp\/v2\/pages\/13","targetHints":{"allow":["GET"]}}],"collection":[{"href":"https:\/\/aglownet.org\/togo\/wp-json\/wp\/v2\/pages"}],"about":[{"href":"https:\/\/aglownet.org\/togo\/wp-json\/wp\/v2\/types\/page"}],"author":[{"embeddable":true,"href":"https:\/\/aglownet.org\/togo\/wp-json\/wp\/v2\/users\/2"}],"replies":[{"embeddable":true,"href":"https:\/\/aglownet.org\/togo\/wp-json\/wp\/v2\/comments?post=13"}],"version-history":[{"count":7,"href":"https:\/\/aglownet.org\/togo\/wp-json\/wp\/v2\/pages\/13\/revisions"}],"predecessor-version":[{"id":57,"href":"https:\/\/aglownet.org\/togo\/wp-json\/wp\/v2\/pages\/13\/revisions\/57"}],"wp:attachment":[{"href":"https:\/\/aglownet.org\/togo\/wp-json\/wp\/v2\/media?parent=13"}],"curies":[{"name":"wp","href":"https:\/\/api.w.org\/{rel}","templated":true}]}}